{"id":15,"date":"2022-05-12T12:16:10","date_gmt":"2022-05-12T12:16:10","guid":{"rendered":"https:\/\/adventium.es\/?page_id=15"},"modified":"2023-11-27T16:14:09","modified_gmt":"2023-11-27T15:14:09","slug":"acerca-de","status":"publish","type":"page","link":"https:\/\/adventium.es\/index.php\/acerca-de\/","title":{"rendered":"Acerca de Adventium &#8211; el espacio"},"content":{"rendered":"\n<figure class=\"wp-block-image size-full\"><img loading=\"lazy\" decoding=\"async\" width=\"960\" height=\"960\" src=\"https:\/\/adventium.es\/wp-content\/uploads\/2022\/05\/Teatro-adventium.jpg\" alt=\"\" class=\"wp-image-40\" srcset=\"https:\/\/adventium.es\/wp-content\/uploads\/2022\/05\/Teatro-adventium.jpg 960w, https:\/\/adventium.es\/wp-content\/uploads\/2022\/05\/Teatro-adventium-300x300.jpg 300w, https:\/\/adventium.es\/wp-content\/uploads\/2022\/05\/Teatro-adventium-150x150.jpg 150w, https:\/\/adventium.es\/wp-content\/uploads\/2022\/05\/Teatro-adventium-768x768.jpg 768w, https:\/\/adventium.es\/wp-content\/uploads\/2022\/05\/Teatro-adventium-100x100.jpg 100w\" sizes=\"auto, (max-width: 767px) 89vw, (max-width: 1000px) 54vw, (max-width: 1071px) 543px, 580px\" \/><\/figure>\n\n\n\n<p>El origen del nombre de este nuevo teatro proviene de la etimolog\u00eda del top\u00f3nimo de la localidad en la que se encuentra, Aveinte, que, probablemente, proviene del lat\u00edn \u00abadventium\u00bb, que significa \u201cllegada\u201d, \u201cadvenimiento\u201d. Se cree que el lugar era parada habitual en las rutas de viajeros y comerciantes y que mediante el t\u00e9rmino \u00abadventium\u00bb o \u00abadventius\u00bb, se daba la bienvenida a aquellos que llegaban.<\/p>\n\n\n\n<p>Teatro Adventium quiere ser lugar de advenimientos dichosos, de encuentros y de bienvenidas.<br><br>Adventium est\u00e1 ubicada en la peque\u00f1a localidad abulense de Aveinte, a 125 km de Madrid, 80 km de Salamanca, 100 km de Valladolid y tan solo 18 km de \u00c1vila. Esto permite, por un lado, el aislamiento y la tranquilidad del entorno rural, pero por otro, mantiene la cercan\u00eda con estas ciudades.<\/p>\n\n\n<div class=\"wp-block-image\">\n<figure class=\"aligncenter size-full is-resized\"><img loading=\"lazy\" decoding=\"async\" src=\"https:\/\/adventium.es\/wp-content\/uploads\/2022\/05\/teatro-Adv-edited.jpg\" alt=\"\" class=\"wp-image-112\" width=\"393\" height=\"245\"\/><\/figure><\/div>\n\n\n<h2 class=\"wp-block-heading\">El espacio<\/h2>\n\n\n\n<p>Espacio Adventium es un edificio de 440 metros cuadrados divididos en dos plantas. Consta de un escenario\/espacio esc\u00e9nico de 110 metros cuadrados di\u00e1fanos (con luz natural \u2013 pudi\u00e9ndose hacer oscuro total), con suelo de madera, cabina t\u00e9cnica, espacio de almacenaje para vestuario, atrezo, escenograf\u00eda u otros materiales; 3 habitaciones comunes (entre 2 y 4 plazas por habitaci\u00f3n) que sirven de camerinos o alojamiento, con sus 3 cuartos de ba\u00f1o y una cocina americana situada en un espacio com\u00fan, que har\u00e1 las veces de hall-sal\u00f3n de estar, ideal para la conversaci\u00f3n y la comunicaci\u00f3n.<\/p>\n\n\n\n<p>El aforo para los actos abiertos al p\u00fablico ser\u00e1 de 74 localidades, pudiendo llegar a 100, seg\u00fan el formato de trabajo.<\/p>\n\n\n\n<figure class=\"wp-block-image size-large\"><img loading=\"lazy\" decoding=\"async\" width=\"1024\" height=\"682\" src=\"https:\/\/adventium.es\/wp-content\/uploads\/2022\/05\/actuando-1024x682.jpeg\" alt=\"\" class=\"wp-image-43\" srcset=\"https:\/\/adventium.es\/wp-content\/uploads\/2022\/05\/actuando-1024x682.jpeg 1024w, https:\/\/adventium.es\/wp-content\/uploads\/2022\/05\/actuando-300x200.jpeg 300w, https:\/\/adventium.es\/wp-content\/uploads\/2022\/05\/actuando-768x512.jpeg 768w, https:\/\/adventium.es\/wp-content\/uploads\/2022\/05\/actuando.jpeg 1280w\" sizes=\"auto, (max-width: 767px) 89vw, (max-width: 1000px) 54vw, (max-width: 1071px) 543px, 580px\" \/><\/figure>\n\n\n\n<p>La construcci\u00f3n del edificio que alberga Espacio Adventium se ha concebido y dise\u00f1ado espec\u00edficamente para sus fines. Es un espacio con car\u00e1cter multidisciplinar que puede servir para ensayos, grabaciones de v\u00eddeo, procesos de creaci\u00f3n y exhibici\u00f3n. Adem\u00e1s est\u00e1 situado en una finca de 3 hect\u00e1reas con vegetaci\u00f3n diversa, espacios de descanso y trabajo al aire libre.<\/p>\n\n\n\n<p>Adventium, quiere servir no solo para la exhibici\u00f3n, sino como residencia de artistas que puedan realizar labores de creaci\u00f3n e investigaci\u00f3n en las mejores condiciones: trabajadores de las artes de diferentes disciplinas podr\u00e1n disfrutar de alojamientos y materiales para llevar a cabo sus proyectos.<\/p>\n\n\n\n<p>Para ello, est\u00e1 prevista la concesi\u00f3n de becas de cuant\u00edas b\u00e1sicas que permitan trabajar en libertad a los adjudicatarios de \u00e9stas.<\/p>\n\n\n\n<figure class=\"wp-block-image size-large\"><img loading=\"lazy\" decoding=\"async\" width=\"1024\" height=\"683\" src=\"https:\/\/adventium.es\/wp-content\/uploads\/2022\/05\/espectadores-foto-axana-1024x683.jpg\" alt=\"\" class=\"wp-image-45\" srcset=\"https:\/\/adventium.es\/wp-content\/uploads\/2022\/05\/espectadores-foto-axana-1024x683.jpg 1024w, https:\/\/adventium.es\/wp-content\/uploads\/2022\/05\/espectadores-foto-axana-300x200.jpg 300w, https:\/\/adventium.es\/wp-content\/uploads\/2022\/05\/espectadores-foto-axana-768x513.jpg 768w, https:\/\/adventium.es\/wp-content\/uploads\/2022\/05\/espectadores-foto-axana-1536x1025.jpg 1536w, https:\/\/adventium.es\/wp-content\/uploads\/2022\/05\/espectadores-foto-axana.jpg 1840w\" sizes=\"auto, (max-width: 767px) 89vw, (max-width: 1000px) 54vw, (max-width: 1071px) 543px, 580px\" \/><\/figure>\n\n\n\n<p>Otro de sus objetivos es servir de lugar de ensayo para todo tipo de piezas esc\u00e9nicas.<br>Por \u00faltimo, quiere ser lugar de encuentro donde se puedan realizar cursos, talleres, seminarios, debates, tanto pr\u00e1cticos, como de teor\u00eda de las artes o de humanidades, as\u00ed como presentaciones de libros, exposiciones, proyecciones, conciertos, etc.<\/p>\n\n\n\n<p>Dentro de las actividades formativas de diferentes disciplinas incluyen el alojamiento del alumnado dentro de nuestras instalaciones, dando lugar a una experiencia inmersiva.<\/p>\n\n\n\n<p>Adventium est\u00e1 gestionado por la Fundaci\u00f3n Instituto de Teatro Contempor\u00e1neo, aunque abarcar\u00e1 proyectos de todo tipo de artes -literatura, artes pl\u00e1sticas y visuales, artes esc\u00e9nicas, etc.-, as\u00ed como de procesos de conocimiento y pensamiento.<\/p>\n","protected":false},"excerpt":{"rendered":"<p>El origen del nombre de este nuevo teatro proviene de la etimolog\u00eda del top\u00f3nimo de la localidad en la que se encuentra, Aveinte, que, probablemente, proviene del lat\u00edn \u00abadventium\u00bb, que significa \u201cllegada\u201d, \u201cadvenimiento\u201d. Se cree que el lugar era parada habitual en las rutas de viajeros y comerciantes y que mediante el t\u00e9rmino \u00abadventium\u00bb o &hellip; <\/p>\n<p class=\"link-more\"><a href=\"https:\/\/adventium.es\/index.php\/acerca-de\/\" class=\"more-link\">Continuar leyendo<span class=\"screen-reader-text\"> \u00abAcerca de Adventium &#8211; el espacio\u00bb<\/span><\/a><\/p>\n","protected":false},"author":1,"featured_media":0,"parent":0,"menu_order":0,"comment_status":"closed","ping_status":"closed","template":"","meta":{"om_disable_all_campaigns":false,"footnotes":""},"class_list":["post-15","page","type-page","status-publish","hentry"],"aioseo_notices":[],"_links":{"self":[{"href":"https:\/\/adventium.es\/index.php\/wp-json\/wp\/v2\/pages\/15","targetHints":{"allow":["GET"]}}],"collection":[{"href":"https:\/\/adventium.es\/index.php\/wp-json\/wp\/v2\/pages"}],"about":[{"href":"https:\/\/adventium.es\/index.php\/wp-json\/wp\/v2\/types\/page"}],"author":[{"embeddable":true,"href":"https:\/\/adventium.es\/index.php\/wp-json\/wp\/v2\/users\/1"}],"replies":[{"embeddable":true,"href":"https:\/\/adventium.es\/index.php\/wp-json\/wp\/v2\/comments?post=15"}],"version-history":[{"count":5,"href":"https:\/\/adventium.es\/index.php\/wp-json\/wp\/v2\/pages\/15\/revisions"}],"predecessor-version":[{"id":254,"href":"https:\/\/adventium.es\/index.php\/wp-json\/wp\/v2\/pages\/15\/revisions\/254"}],"wp:attachment":[{"href":"https:\/\/adventium.es\/index.php\/wp-json\/wp\/v2\/media?parent=15"}],"curies":[{"name":"wp","href":"https:\/\/api.w.org\/{rel}","templated":true}]}}

<figure class="wp-block-image size-full"><img loading="lazy" decoding="async" width="960" height="960" src="https://adventium.es/wp-content/uploads/2022/05/Teatro-adventium.jpg" alt="" class="wp-image-40" srcset="https://adventium.es/wp-content/uploads/2022/05/Teatro-adventium.jpg 960w, https://adventium.es/wp-content/uploads/2022/05/Teatro-adventium-300x300.jpg 300w, https://adventium.es/wp-content/uploads/2022/05/Teatro-adventium-150x150.jpg 150w, https://adventium.es/wp-content/uploads/2022/05/Teatro-adventium-768x768.jpg 768w, https://adventium.es/wp-content/uploads/2022/05/Teatro-adventium-100x100.jpg 100w" sizes="auto, (max-width: 767px) 89vw, (max-width: 1000px) 54vw, (max-width: 1071px) 543px, 580px" /></figure>



<p>El origen del nombre de este nuevo teatro proviene de la etimología del topónimo de la localidad en la que se encuentra, Aveinte, que, probablemente, proviene del latín «adventium», que significa “llegada”, “advenimiento”. Se cree que el lugar era parada habitual en las rutas de viajeros y comerciantes y que mediante el término «adventium» o «adventius», se daba la bienvenida a aquellos que llegaban.</p>



<p>Teatro Adventium quiere ser lugar de advenimientos dichosos, de encuentros y de bienvenidas.<br><br>Adventium está ubicada en la pequeña localidad abulense de Aveinte, a 125 km de Madrid, 80 km de Salamanca, 100 km de Valladolid y tan solo 18 km de Ávila. Esto permite, por un lado, el aislamiento y la tranquilidad del entorno rural, pero por otro, mantiene la cercanía con estas ciudades.</p>


<div class="wp-block-image">
<figure class="aligncenter size-full is-resized"><img loading="lazy" decoding="async" src="https://adventium.es/wp-content/uploads/2022/05/teatro-Adv-edited.jpg" alt="" class="wp-image-112" width="393" height="245"/></figure></div>


<h2 class="wp-block-heading">El espacio</h2>



<p>Espacio Adventium es un edificio de 440 metros cuadrados divididos en dos plantas. Consta de un escenario/espacio escénico de 110 metros cuadrados diáfanos (con luz natural – pudiéndose hacer oscuro total), con suelo de madera, cabina técnica, espacio de almacenaje para vestuario, atrezo, escenografía u otros materiales; 3 habitaciones comunes (entre 2 y 4 plazas por habitación) que sirven de camerinos o alojamiento, con sus 3 cuartos de baño y una cocina americana situada en un espacio común, que hará las veces de hall-salón de estar, ideal para la conversación y la comunicación.</p>



<p>El aforo para los actos abiertos al público será de 74 localidades, pudiendo llegar a 100, según el formato de trabajo.</p>



<figure class="wp-block-image size-large"><img loading="lazy" decoding="async" width="1024" height="682" src="https://adventium.es/wp-content/uploads/2022/05/actuando-1024x682.jpeg" alt="" class="wp-image-43" srcset="https://adventium.es/wp-content/uploads/2022/05/actuando-1024x682.jpeg 1024w, https://adventium.es/wp-content/uploads/2022/05/actuando-300x200.jpeg 300w, https://adventium.es/wp-content/uploads/2022/05/actuando-768x512.jpeg 768w, https://adventium.es/wp-content/uploads/2022/05/actuando.jpeg 1280w" sizes="auto, (max-width: 767px) 89vw, (max-width: 1000px) 54vw, (max-width: 1071px) 543px, 580px" /></figure>



<p>La construcción del edificio que alberga Espacio Adventium se ha concebido y diseñado específicamente para sus fines. Es un espacio con carácter multidisciplinar que puede servir para ensayos, grabaciones de vídeo, procesos de creación y exhibición. Además está situado en una finca de 3 hectáreas con vegetación diversa, espacios de descanso y trabajo al aire libre.</p>



<p>Adventium, quiere servir no solo para la exhibición, sino como residencia de artistas que puedan realizar labores de creación e investigación en las mejores condiciones: trabajadores de las artes de diferentes disciplinas podrán disfrutar de alojamientos y materiales para llevar a cabo sus proyectos.</p>



<p>Para ello, está prevista la concesión de becas de cuantías básicas que permitan trabajar en libertad a los adjudicatarios de éstas.</p>



<figure class="wp-block-image size-large"><img loading="lazy" decoding="async" width="1024" height="683" src="https://adventium.es/wp-content/uploads/2022/05/espectadores-foto-axana-1024x683.jpg" alt="" class="wp-image-45" srcset="https://adventium.es/wp-content/uploads/2022/05/espectadores-foto-axana-1024x683.jpg 1024w, https://adventium.es/wp-content/uploads/2022/05/espectadores-foto-axana-300x200.jpg 300w, https://adventium.es/wp-content/uploads/2022/05/espectadores-foto-axana-768x513.jpg 768w, https://adventium.es/wp-content/uploads/2022/05/espectadores-foto-axana-1536x1025.jpg 1536w, https://adventium.es/wp-content/uploads/2022/05/espectadores-foto-axana.jpg 1840w" sizes="auto, (max-width: 767px) 89vw, (max-width: 1000px) 54vw, (max-width: 1071px) 543px, 580px" /></figure>



<p>Otro de sus objetivos es servir de lugar de ensayo para todo tipo de piezas escénicas.<br>Por último, quiere ser lugar de encuentro donde se puedan realizar cursos, talleres, seminarios, debates, tanto prácticos, como de teoría de las artes o de humanidades, así como presentaciones de libros, exposiciones, proyecciones, conciertos, etc.</p>



<p>Dentro de las actividades formativas de diferentes disciplinas incluyen el alojamiento del alumnado dentro de nuestras instalaciones, dando lugar a una experiencia inmersiva.</p>



<p>Adventium está gestionado por la Fundación Instituto de Teatro Contemporáneo, aunque abarcará proyectos de todo tipo de artes -literatura, artes plásticas y visuales, artes escénicas, etc.-, así como de procesos de conocimiento y pensamiento.</p>

<p>El origen del nombre de este nuevo teatro proviene de la etimología del topónimo de la localidad en la que se encuentra, Aveinte, que, probablemente, proviene del latín «adventium», que significa “llegada”, “advenimiento”. Se cree que el lugar era parada habitual en las rutas de viajeros y comerciantes y que mediante el término «adventium» o &hellip; </p>
<p class="link-more"><a href="https://adventium.es/index.php/acerca-de/" class="more-link">Continuar leyendo<span class="screen-reader-text"> «Acerca de Adventium &#8211; el espacio»</span></a></p>
