{"id":307,"date":"2024-01-20T11:53:25","date_gmt":"2024-01-20T10:53:25","guid":{"rendered":"https:\/\/adventium.es\/?page_id=307"},"modified":"2024-02-29T14:44:37","modified_gmt":"2024-02-29T13:44:37","slug":"formacion-cursos-y-talleres-intensivos","status":"publish","type":"page","link":"https:\/\/adventium.es\/index.php\/formacion-cursos-y-talleres-intensivos\/","title":{"rendered":"Formaci\u00f3n &#8211; cursos y talleres intensivos"},"content":{"rendered":"\n<p>Talleres, cursos, seminarios y workshops<\/p>\n\n\n\n<p>Espacio Adventium pone en marcha  su plataforma permanente de formaci\u00f3n interdisciplinar, a trav\u00e9s de la realizaci\u00f3n peri\u00f3dica de talleres intensivos que incluyen el alojamiento del alumnado y profesorado.<\/p>\n\n\n\n<p>Los Talleres en Espacio Adventium se presentan como una experiencia inmersiva, porque combinan el intercambio de conocimientos y el aprendizaje dentro de una disciplina, con la convivencia de coordinadores, profesorado y alumnado en el entorno natural de nuestras instalaciones.<\/p>\n\n\n\n<p>Espacio Adventium alberga cursos de disciplinas esc\u00e9nicas -teatro, danza, performance, artes vivas- (interpretaci\u00f3n, dramaturgia, direcci\u00f3n, coreograf\u00eda, creaci\u00f3n, disciplinas t\u00e9cnicas), m\u00fasica, disciplinas audiovisuales (v\u00eddeo-creaci\u00f3n, edici\u00f3n, fotograf\u00eda), letras (escritura, lectura, poes\u00eda), artes pl\u00e1sticas (dibujo, pintura, escultura), pensamiento\/reflexi\u00f3n, humanidades, filosof\u00eda, tecnolog\u00edas (creaci\u00f3n digital o electr\u00f3nica, ciberherramientas, seguridad, divulgaci\u00f3n), incluyendo h\u00edbridos que combinen dos o m\u00e1s de estas materias.<\/p>\n\n\n\n<p>Si tienes inter\u00e9s en proponer un taller, puedes completar este formulario <\/p>\n\n\n\n<p><a href=\"https:\/\/forms.gle\/GmVWFbtweExjmeTa8\">https:\/\/forms.gle\/GmVWFbtweExjmeTa8<\/a><\/p>\n\n\n\n<p>o escribirnos por correo electr\u00f3nico.<\/p>\n\n\n\n<h2 class=\"wp-block-heading has-text-align-center\"><strong><mark style=\"background-color:#00d084\" class=\"has-inline-color\">Pr\u00f3ximo workshop: 0.1 de la idea a los contenidos, a cargo de Vicente Colomar \/ El Manisero<\/mark><\/strong><\/h2>\n\n\n\n<h2 class=\"wp-block-heading has-text-align-center\"><strong><a href=\"https:\/\/adventium.es\/index.php\/2024\/01\/20\/taller-de-creacion-e-investigacion-artistica\/\" target=\"_blank\" rel=\"noreferrer noopener\" title=\"\">\u00a1Informaci\u00f3n aqu\u00ed!<\/a><\/strong><\/h2>\n\n\n\n<h2 class=\"wp-block-heading has-text-align-center\"><strong><mark style=\"background-color:rgba(0, 0, 0, 0)\" class=\"has-inline-color has-vivid-green-cyan-color\">19, 20 y 21 de abril de 2024<\/mark><\/strong><\/h2>\n","protected":false},"excerpt":{"rendered":"<p>Talleres, cursos, seminarios y workshops Espacio Adventium pone en marcha su plataforma permanente de formaci\u00f3n interdisciplinar, a trav\u00e9s de la realizaci\u00f3n peri\u00f3dica de talleres intensivos que incluyen el alojamiento del alumnado y profesorado. Los Talleres en Espacio Adventium se presentan como una experiencia inmersiva, porque combinan el intercambio de conocimientos y el aprendizaje dentro de &hellip; <\/p>\n<p class=\"link-more\"><a href=\"https:\/\/adventium.es\/index.php\/formacion-cursos-y-talleres-intensivos\/\" class=\"more-link\">Continuar leyendo<span class=\"screen-reader-text\"> \u00abFormaci\u00f3n &#8211; cursos y talleres intensivos\u00bb<\/span><\/a><\/p>\n","protected":false},"author":1,"featured_media":0,"parent":0,"menu_order":0,"comment_status":"closed","ping_status":"closed","template":"","meta":{"om_disable_all_campaigns":false,"footnotes":""},"class_list":["post-307","page","type-page","status-publish","hentry"],"aioseo_notices":[],"_links":{"self":[{"href":"https:\/\/adventium.es\/index.php\/wp-json\/wp\/v2\/pages\/307","targetHints":{"allow":["GET"]}}],"collection":[{"href":"https:\/\/adventium.es\/index.php\/wp-json\/wp\/v2\/pages"}],"about":[{"href":"https:\/\/adventium.es\/index.php\/wp-json\/wp\/v2\/types\/page"}],"author":[{"embeddable":true,"href":"https:\/\/adventium.es\/index.php\/wp-json\/wp\/v2\/users\/1"}],"replies":[{"embeddable":true,"href":"https:\/\/adventium.es\/index.php\/wp-json\/wp\/v2\/comments?post=307"}],"version-history":[{"count":3,"href":"https:\/\/adventium.es\/index.php\/wp-json\/wp\/v2\/pages\/307\/revisions"}],"predecessor-version":[{"id":340,"href":"https:\/\/adventium.es\/index.php\/wp-json\/wp\/v2\/pages\/307\/revisions\/340"}],"wp:attachment":[{"href":"https:\/\/adventium.es\/index.php\/wp-json\/wp\/v2\/media?parent=307"}],"curies":[{"name":"wp","href":"https:\/\/api.w.org\/{rel}","templated":true}]}}